[INFO] cloning repository https://github.com/chalford/vivo-client-rust
[INFO] running `Command { std: "git" "-c" "credential.helper=" "-c" "credential.helper=/workspace/cargo-home/bin/git-credential-null" "clone" "--bare" "https://github.com/chalford/vivo-client-rust" "/workspace/cache/git-repos/https%3A%2F%2Fgithub.com%2Fchalford%2Fvivo-client-rust", kill_on_drop: false }`
[INFO] [stderr] Cloning into bare repository '/workspace/cache/git-repos/https%3A%2F%2Fgithub.com%2Fchalford%2Fvivo-client-rust'...
[INFO] running `Command { std: "git" "rev-parse" "HEAD", kill_on_drop: false }`
[INFO] [stdout] 9fe9fd558c5d3dcc0d19ba25156dd4af3c05ea8e
[INFO] checking chalford/vivo-client-rust against master#af3c6e733a40e671550e0f0f5aeecaa13772ba56 for pr-74989
[INFO] running `Command { std: "git" "clone" "/workspace/cache/git-repos/https%3A%2F%2Fgithub.com%2Fchalford%2Fvivo-client-rust" "/workspace/builds/worker-12/source", kill_on_drop: false }`
[INFO] [stderr] Cloning into '/workspace/builds/worker-12/source'...
[INFO] [stderr] done.
[INFO] validating manifest of git repo https://github.com/chalford/vivo-client-rust on toolchain af3c6e733a40e671550e0f0f5aeecaa13772ba56
[INFO] running `Command { std: "/workspace/cargo-home/bin/cargo" "+af3c6e733a40e671550e0f0f5aeecaa13772ba56" "read-manifest" "--manifest-path" "Cargo.toml", kill_on_drop: false }`
[INFO] started tweaking git repo https://github.com/chalford/vivo-client-rust
[INFO] finished tweaking git repo https://github.com/chalford/vivo-client-rust
[INFO] tweaked toml for git repo https://github.com/chalford/vivo-client-rust written to /workspace/builds/worker-12/source/Cargo.toml
[INFO] crate git repo https://github.com/chalford/vivo-client-rust already has a lockfile, it will not be regenerated
[INFO] running `Command { std: "/workspace/cargo-home/bin/cargo" "+af3c6e733a40e671550e0f0f5aeecaa13772ba56" "fetch" "--locked" "--manifest-path" "Cargo.toml", kill_on_drop: false }`
[INFO] [stderr] error: the lock file /workspace/builds/worker-12/source/Cargo.lock needs to be updated but --locked was passed to prevent this
[INFO] [stderr] If you want to try to generate the lock file without accessing the network, use the --offline flag.
[INFO] the lockfile is outdated, regenerating it
[INFO] running `Command { std: "/workspace/cargo-home/bin/cargo" "+af3c6e733a40e671550e0f0f5aeecaa13772ba56" "generate-lockfile" "--manifest-path" "Cargo.toml" "-Zno-index-update", kill_on_drop: false }`
[INFO] running `Command { std: "/workspace/cargo-home/bin/cargo" "+af3c6e733a40e671550e0f0f5aeecaa13772ba56" "fetch" "--locked" "--manifest-path" "Cargo.toml", kill_on_drop: false }`
[INFO] running `Command { std: "docker" "create" "-v" "/var/lib/crater-agent-workspace/builds/worker-12/target:/opt/rustwide/target:rw,Z" "-v" "/var/lib/crater-agent-workspace/builds/worker-12/source:/opt/rustwide/workdir:ro,Z" "-v" "/var/lib/crater-agent-workspace/cargo-home:/opt/rustwide/cargo-home:ro,Z" "-v" "/var/lib/crater-agent-workspace/rustup-home:/opt/rustwide/rustup-home:ro,Z" "-e" "SOURCE_DIR=/opt/rustwide/workdir" "-e" "CARGO_TARGET_DIR=/opt/rustwide/target" "-e" "CARGO_HOME=/opt/rustwide/cargo-home" "-e" "RUSTUP_HOME=/opt/rustwide/rustup-home" "-w" "/opt/rustwide/workdir" "-m" "1610612736" "--user" "0:0" "--network" "none" "rustops/crates-build-env@sha256:d92eaeed33fa75130ca1ee6c8a01d1ffb62bac859dfdfb3450e3e5d1c0146529" "/opt/rustwide/cargo-home/bin/cargo" "+af3c6e733a40e671550e0f0f5aeecaa13772ba56" "metadata" "--no-deps" "--format-version=1", kill_on_drop: false }`
[INFO] [stdout] 8ce1239c0b8735c97598214abe2bbd3e307edaf12b3c2ac669775a28e4f565c9
[INFO] [stderr] WARNING: Your kernel does not support swap limit capabilities or the cgroup is not mounted. Memory limited without swap.
[INFO] running `Command { std: "docker" "start" "-a" "8ce1239c0b8735c97598214abe2bbd3e307edaf12b3c2ac669775a28e4f565c9", kill_on_drop: false }`
[INFO] running `Command { std: "docker" "inspect" "8ce1239c0b8735c97598214abe2bbd3e307edaf12b3c2ac669775a28e4f565c9", kill_on_drop: false }`
[INFO] running `Command { std: "docker" "rm" "-f" "8ce1239c0b8735c97598214abe2bbd3e307edaf12b3c2ac669775a28e4f565c9", kill_on_drop: false }`
[INFO] [stdout] 8ce1239c0b8735c97598214abe2bbd3e307edaf12b3c2ac669775a28e4f565c9
[INFO] running `Command { std: "docker" "create" "-v" "/var/lib/crater-agent-workspace/builds/worker-12/target:/opt/rustwide/target:rw,Z" "-v" "/var/lib/crater-agent-workspace/builds/worker-12/source:/opt/rustwide/workdir:ro,Z" "-v" "/var/lib/crater-agent-workspace/cargo-home:/opt/rustwide/cargo-home:ro,Z" "-v" "/var/lib/crater-agent-workspace/rustup-home:/opt/rustwide/rustup-home:ro,Z" "-e" "SOURCE_DIR=/opt/rustwide/workdir" "-e" "CARGO_TARGET_DIR=/opt/rustwide/target" "-e" "CARGO_INCREMENTAL=0" "-e" "RUST_BACKTRACE=full" "-e" "RUSTFLAGS=--cap-lints=forbid" "-e" "CARGO_HOME=/opt/rustwide/cargo-home" "-e" "RUSTUP_HOME=/opt/rustwide/rustup-home" "-w" "/opt/rustwide/workdir" "-m" "1610612736" "--user" "0:0" "--network" "none" "rustops/crates-build-env@sha256:d92eaeed33fa75130ca1ee6c8a01d1ffb62bac859dfdfb3450e3e5d1c0146529" "/opt/rustwide/cargo-home/bin/cargo" "+af3c6e733a40e671550e0f0f5aeecaa13772ba56" "check" "--frozen" "--all" "--all-targets" "--message-format=json", kill_on_drop: false }`
[INFO] [stderr] WARNING: Your kernel does not support swap limit capabilities or the cgroup is not mounted. Memory limited without swap.
[INFO] [stdout] 70687f7d90e2744f1d21f3b158514efc63b47a57f47afb4565e45c542036c805
[INFO] running `Command { std: "docker" "start" "-a" "70687f7d90e2744f1d21f3b158514efc63b47a57f47afb4565e45c542036c805", kill_on_drop: false }`
[INFO] [stderr]    Compiling log v0.4.11
[INFO] [stderr]     Checking tinyvec v0.3.4
[INFO] [stderr]    Compiling siphasher v0.2.3
[INFO] [stderr]     Checking matches v0.1.8
[INFO] [stderr]    Compiling autocfg v1.0.1
[INFO] [stderr]     Checking safemem v0.3.3
[INFO] [stderr]     Checking percent-encoding v1.0.1
[INFO] [stderr]    Compiling serde v1.0.116
[INFO] [stderr]    Compiling serde_json v1.0.57
[INFO] [stderr]     Checking itoa v0.4.6
[INFO] [stderr]     Checking percent-encoding v2.1.0
[INFO] [stderr]     Checking bit-vec v0.6.2
[INFO] [stderr]    Compiling unicase v1.4.2
[INFO] [stderr]    Compiling rand_pcg v0.1.2
[INFO] [stderr]    Compiling rand_chacha v0.1.1
[INFO] [stderr]    Compiling rand v0.6.5
[INFO] [stderr]     Checking libc v0.2.77
[INFO] [stderr]     Checking unicode-bidi v0.3.4
[INFO] [stderr]    Compiling rand_os v0.1.3
[INFO] [stderr]     Checking base64 v0.9.3
[INFO] [stderr]    Compiling num-traits v0.2.12
[INFO] [stderr]     Checking unicode-normalization v0.1.13
[INFO] [stderr]    Compiling phf_shared v0.7.24
[INFO] [stderr]     Checking log v0.3.9
[INFO] [stderr]    Compiling phf v0.7.24
[INFO] [stderr]     Checking mime v0.2.6
[INFO] [stderr]     Checking num_cpus v1.13.0
[INFO] [stderr]     Checking time v0.1.44
[INFO] [stderr]     Checking atty v0.2.14
[INFO] [stderr]     Checking env_logger v0.7.1
[INFO] [stderr]     Checking idna v0.1.5
[INFO] [stderr]     Checking idna v0.2.0
[INFO] [stderr]    Compiling phf_generator v0.7.24
[INFO] [stderr]    Compiling phf_codegen v0.7.24
[INFO] [stderr]     Checking num-traits v0.1.43
[INFO] [stderr]    Compiling mime_guess v1.8.8
[INFO] [stderr]     Checking url v1.7.2
[INFO] [stderr]     Checking url v2.1.1
[INFO] [stderr]     Checking enum_primitive v0.1.1
[INFO] [stderr]     Checking amqp v0.0.9
[INFO] [stderr]     Checking hyper v0.10.16
[INFO] [stdout] error[E0432]: unresolved import `url::UrlParser`
[INFO] [stdout]   --> /opt/rustwide/cargo-home/registry/src/github.com-1ecc6299db9ec823/amqp-0.0.9/src/session.rs:16:11
[INFO] [stdout]    |
[INFO] [stdout] 16 | use url::{UrlParser, SchemeType, percent_encoding};
[INFO] [stdout]    |           ^^^^^^^^^
[INFO] [stdout]    |           |
[INFO] [stdout]    |           no `UrlParser` in the root
[INFO] [stdout]    |           help: a similar name exists in the module: `Parser`
[INFO] [stdout] 
[INFO] [stdout] 
[INFO] [stdout] error[E0425]: cannot find function `lossy_utf8_percent_decode` in crate `percent_encoding`
[INFO] [stdout]    --> /opt/rustwide/cargo-home/registry/src/github.com-1ecc6299db9ec823/amqp-0.0.9/src/session.rs:63:31
[INFO] [stdout]     |
[INFO] [stdout] 63  |             percent_encoding::lossy_utf8_percent_decode(input)
[INFO] [stdout]     |                               ^^^^^^^^^^^^^^^^^^^^^^^^^ help: a function with a similar name exists: `utf8_percent_encode`
[INFO] [stdout]     | 
[INFO] [stdout]    ::: /opt/rustwide/cargo-home/registry/src/github.com-1ecc6299db9ec823/percent-encoding-2.1.0/lib.rs:235:1
[INFO] [stdout]     |
[INFO] [stdout] 235 | pub fn utf8_percent_encode<'a>(input: &'a str, ascii_set: &'static AsciiSet) -> PercentEncode<'a> {
[INFO] [stdout]     | ------------------------------------------------------------------------------------------------- similarly named function `utf8_percent_encode` defined here
[INFO] [stdout] 
[INFO] [stdout] 
[INFO] [stdout] error[E0412]: cannot find type `Error` in crate `byteorder`
[INFO] [stdout]  --> /opt/rustwide/cargo-home/registry/src/github.com-1ecc6299db9ec823/amqp-0.0.9/src/amqp_error.rs:9:29
[INFO] [stdout]   |
[INFO] [stdout] 9 |     AMQPIoError2(byteorder::Error),
[INFO] [stdout]   |                             ^^^^^ not found in `byteorder`
[INFO] [stdout]   |
[INFO] [stdout] help: consider importing one of these items
[INFO] [stdout]   |
[INFO] [stdout] 1 | use amqp_error::io::Error;
[INFO] [stdout]   |
[INFO] [stdout] 1 | use std::error::Error;
[INFO] [stdout]   |
[INFO] [stdout] 1 | use std::fmt::Error;
[INFO] [stdout]   |
[INFO] [stdout] 
[INFO] [stdout] 
[INFO] [stdout] error[E0412]: cannot find type `Error` in crate `byteorder`
[INFO] [stdout]   --> /opt/rustwide/cargo-home/registry/src/github.com-1ecc6299db9ec823/amqp-0.0.9/src/amqp_error.rs:26:22
[INFO] [stdout]    |
[INFO] [stdout] 26 | impl From<byteorder::Error> for AMQPError {
[INFO] [stdout]    |                      ^^^^^ not found in `byteorder`
[INFO] [stdout]    |
[INFO] [stdout] help: consider importing one of these items
[INFO] [stdout]    |
[INFO] [stdout] 1  | use amqp_error::io::Error;
[INFO] [stdout]    |
[INFO] [stdout] 1  | use std::error::Error;
[INFO] [stdout]    |
[INFO] [stdout] 1  | use std::fmt::Error;
[INFO] [stdout]    |
[INFO] [stdout] 
[INFO] [stdout] 
[INFO] [stdout] error[E0412]: cannot find type `Error` in crate `byteorder`
[INFO] [stdout]   --> /opt/rustwide/cargo-home/registry/src/github.com-1ecc6299db9ec823/amqp-0.0.9/src/amqp_error.rs:27:29
[INFO] [stdout]    |
[INFO] [stdout] 27 |     fn from(err: byteorder::Error) -> AMQPError {
[INFO] [stdout]    |                             ^^^^^ not found in `byteorder`
[INFO] [stdout]    |
[INFO] [stdout] help: consider importing one of these items
[INFO] [stdout]    |
[INFO] [stdout] 1  | use amqp_error::io::Error;
[INFO] [stdout]    |
[INFO] [stdout] 1  | use std::error::Error;
[INFO] [stdout]    |
[INFO] [stdout] 1  | use std::fmt::Error;
[INFO] [stdout]    |
[INFO] [stdout] 
[INFO] [stdout] 
[INFO] [stdout] error[E0603]: enum `SchemeType` is private
[INFO] [stdout]    --> /opt/rustwide/cargo-home/registry/src/github.com-1ecc6299db9ec823/amqp-0.0.9/src/session.rs:16:22
[INFO] [stdout]     |
[INFO] [stdout] 16  | use url::{UrlParser, SchemeType, percent_encoding};
[INFO] [stdout]     |                      ^^^^^^^^^^ private enum
[INFO] [stdout]     |
[INFO] [stdout] note: the enum `SchemeType` is defined here
[INFO] [stdout]    --> /opt/rustwide/cargo-home/registry/src/github.com-1ecc6299db9ec823/url-2.1.1/src/lib.rs:118:39
[INFO] [stdout]     |
[INFO] [stdout] 118 | use parser::{to_u32, Context, Parser, SchemeType, PATH_SEGMENT, USERINFO};
[INFO] [stdout]     |                                       ^^^^^^^^^^
[INFO] [stdout] 
[INFO] [stdout] 
[INFO] [stdout] error: aborting due to 6 previous errors
[INFO] [stdout] 
[INFO] [stdout] 
[INFO] [stdout] Some errors have detailed explanations: E0412, E0425, E0432, E0603.
[INFO] [stdout] 
[INFO] [stdout] For more information about an error, try `rustc --explain E0412`.
[INFO] [stdout] 
[INFO] [stderr] error: could not compile `amqp`.
[INFO] [stderr] 
[INFO] [stderr] To learn more, run the command again with --verbose.
[INFO] [stderr] warning: build failed, waiting for other jobs to finish...
[INFO] [stderr] error: build failed
[INFO] running `Command { std: "docker" "inspect" "70687f7d90e2744f1d21f3b158514efc63b47a57f47afb4565e45c542036c805", kill_on_drop: false }`
[INFO] running `Command { std: "docker" "rm" "-f" "70687f7d90e2744f1d21f3b158514efc63b47a57f47afb4565e45c542036c805", kill_on_drop: false }`
[INFO] [stdout] 70687f7d90e2744f1d21f3b158514efc63b47a57f47afb4565e45c542036c805
